mon divisor of 1152 and 55311264?
288
Calculate the highest common factor of 25 and 17035475.
25
Calculate the greatest common divisor of 168047421 and 919.
919
What is the greatest common divisor of 177 and 2612343?
177
What is the highest common factor of 15364 and 1086014?
46
What is the highest common factor of 17651781 and 84?
21
What is the highest common factor of 27860 and 1194796?
796
Calculate the highest common divisor of 823632 and 18544.
16
What is the highest common factor of 2754 and 3984579?
459
What is the greatest common factor of 3388 and 607684?
308
What is the highest common factor of 597075 and 1915200?
1425
What is the greatest common divisor of 1189374 and 9018?
1002
What is the highest common factor of 482300 and 8125?
325
Calculate the greatest common factor of 412 and 29611573.
103
Calculate the highest common factor of 125361448 and 20112.
3352
What is the greatest common factor of 78114 and 3555644?
94
What is the greatest common divisor of 192616 and 4408?
8
Calculate the highest common divisor of 4059 and 1493876.
41
What is the greatest common factor of 54233786 and 814?
74
Calculate the highest common divisor of 44191704 and 18255.
3651
Calculate the greatest common divisor of 9491374 and 5454.
202
What is the highest common factor of 18368 and 1912896?
2624
Calculate the highest common divisor of 3 and 4714548.
3
What is the greatest common divisor of 66844 and 2244?
68
Calculate the greatest common divisor of 236 and 2224654.
118
What is the greatest common divisor of 188 and 419663?
47
What is the highest common factor of 61931 and 1275?
17
What is the highest common divisor of 2524 and 140204?
4
What is the highest common divisor of 24 and 291158736?
24
What is the highest common divisor of 366069083 and 28564?
7141
Calculate the highest common divisor of 6 and 5194806.
6
Calculate the highest common divisor of 180552868 and 1132.
1132
What is the highest common factor of 281097 and 1242?
27
What is the highest common factor of 247 and 52461432?
19
What is the highest common factor of 1775588 and 1952?
244
What is the highest common divisor of 5841 and 16998903?
531
What is the highest common factor of 1236243788 and 676?
676
What is the greatest common factor of 2701019 and 25376?
61
What is the highest common factor of 8930522 and 244?
122
Calculate the highest common divisor of 726588 and 1332.
36
Calculate the highest common divisor of 6988869 and 87.
3
What is the highest common divisor of 3263880 and 3776?
472
Calculate the highest common factor of 683 and 18359723.
683
Calculate the greatest common divisor of 56447744 and 1555.
311
What is the greatest common divisor of 9569 and 1235195227?
9569
What is the greatest common factor of 4512 and 2252193?
141
What is the greatest common divisor of 530 and 822790?
10
Calculate the highest common factor of 115050 and 3135850.
2950
What is the greatest common factor of 4581694 and 14398?
626
What is the highest common factor of 12626750 and 10?
10
Calculate the greatest common divisor of 966 and 11921222.
46
Calculate the greatest common divisor of 540 and 419230.
10
What is the highest common divisor of 17418089 and 390?
13
Calculate the greatest common factor of 25 and 9039035.
5
Calculate the highest common factor of 197915 and 22425.
115
What is the greatest common divisor of 160072 and 1746376?
136
Calculate the greatest common divisor of 220547639 and 52.
13
What is the highest common divisor of 89068744 and 12296?
232
What is the highest common factor of 11436 and 3396?
12
What is the greatest common divisor of 22044672 and 377?
13
What is the highest common factor of 17487470 and 3080?
770
Calculate the highest common factor of 5935095 and 540.
45
What is the greatest common factor of 143 and 23913916?
13
What is the greatest common factor of 814261 and 14329?
623
What is the highest common divisor of 147920 and 287584?
688
What is the greatest common divisor of 3726135 and 49?
7
What is the greatest common factor of 38007 and 1693011?
309
What is the highest common factor of 1056918 and 1032?
6
What is the highest common factor of 19284373 and 805?
23
What is the greatest common factor of 612 and 37202664?
204
Calculate the highest common divisor of 24 and 1045398.
6
What is the greatest common factor of 802698 and 13858?
1066
Calculate the greatest common factor of 8194010 and 1793.
1793
Calculate the highest common factor of 148204 and 373793.
469
Calculate the greatest common factor of 2463892 and 733364.
5276
Calculate the greatest common factor of 12245590 and 232379.
2611
What is the highest common factor of 1507920 and 5820?
60
Calculate the highest common divisor of 13387 and 107.
1
Calculate the highest common factor of 13799872 and 112.
16
Calculate the highest common divisor of 18108 and 36835696.
2012
Calculate the greatest common factor of 86581853 and 9777.
3259
What is the highest common factor of 580057 and 2238475?
3893
Calculate the greatest common factor of 2 and 80793782.
2
Calculate the greatest common divisor of 40399226 and 1074.
358
What is the greatest common divisor of 13639904 and 28324?
292
What is the highest common factor of 18 and 351041?
1
What is the highest common factor of 6660 and 50580?
180
What is the highest common factor of 1824 and 244314?
6
Calculate the greatest common factor of 330174 and 2210.
442
Calculate the greatest common divisor of 22 and 2620497.
11
What is the greatest common factor of 264 and 21411060?
132
What is the highest common divisor of 12662 and 63557?
13
Calculate the greatest common factor of 144 and 53865612.
36
What is the greatest common factor of 5213 and 4182029?
401
Calculate the highest common divisor of 3224 and 4545034.
806
Calculate the highest common factor of 56651080 and 120.
40
What is the highest common factor of 2385 and 1279791?
477
What is the greatest common divisor of 253 and 5638391?
11
Calculate the greatest common factor of 49465793 and 286.
13
Calculate the greatest common factor of 42602190 and 480.
30
Calculate the highest common divisor of 847764 and 2124.
36
Calculate the highest common factor of 83123 and 4877921.
823
What is the highest common factor of 396774 and 546657?
141
Calculate the greatest common factor of 1296 and 12324474.
162
What is the greatest common divisor of 156 and 529289202?
78
Calculate the highest common factor of 870499249 and 8774.
4387
Calculate the highest common factor of 6435 and 5101470.
495
What is the greatest common divisor of 393764378 and 2030?
406
What is the highest common divisor of 23008 and 101686732?
2876
What is the highest common divisor of 52 and 4947826?
26
Calculate the highest common factor of 3857805 and 315.
315
What is the highest common factor of 18245797 and 4119?
1373
What is the highest common divisor of 40 and 130669510?
10
What is the greatest common divisor of 123980517 and 27?
27
Calculate the greatest common divisor of 4562242 and 7966.
1138
Calculate the highest common factor of 2128584 and 24428.
124
Calculate the highest common factor of 313274 and 100.
2
What is the highest common factor of 12776368 and 8448?
176
What is the highest common divisor of 47817 and 2829?
69
Calculate the highest common factor of 6908 and 1219768.
44
Calculate the highest common divisor of 144 and 6197544.
72
What is the greatest common divisor of 797996 and 8156?
4
Calculate the greatest common factor of 91561 and 1622581.
1501
What is the highest common divisor of 210542949 and 27?
27
What is the greatest common factor of 417945 and 166135?
745
Calculate the greatest common divisor of 5922894 and 162.
6
Calculate the highest common divisor of 8119520 and 32.
32
Calculate the highest common factor of 74517 and 113670.
1263
What is the highest common factor of 1200 and 138630900?
300
Calculate the highest common factor of 3507 and 104034.
21
Calculate the greatest common factor of 504959 and 806.
403
What is the highest common divisor of 3636 and 8860932?
3636
Calculate the highest common factor of 39 and 428184.
3
Calculate the highest common divisor of 84832020 and 36.
36
Calculate the greatest common factor of 3140032 and 672.
224
Calculate the highest common divisor of 6786 and 455483106.
6786
What is the high